{"id":411,"date":"2024-07-19T18:32:06","date_gmt":"2024-07-19T18:32:06","guid":{"rendered":"https:\/\/mentalpath.pl\/rzeszow\/?page_id=411"},"modified":"2025-10-09T11:29:41","modified_gmt":"2025-10-09T11:29:41","slug":"zgody-i-regulaminy","status":"publish","type":"page","link":"https:\/\/mentalpath.pl\/kontinuum-katowice\/zgody-i-regulaminy\/","title":{"rendered":"Zgody i regulaminy"},"content":{"rendered":"<p>W celu wsparcia procesu terapeutycznego, stworzenia atmosfery komfortu i bezpiecze\u0144stwa oraz zapewnienia ca\u0142kowitej poufno\u015bci, stworzyli\u015bmy zasady wsp\u00f3\u0142pracy obowi\u0105zuj\u0105ce w Mental Path Group Sp. z o. o. (Mental Path). Prosimy o zapoznanie si\u0119 z nimi:<\/p>\n<ol>\n<li>Spotkania terapeutyczne oraz wizyty lekarskie odbywaj\u0105 si\u0119 wy\u0142\u0105cznie po wcze\u015bniejszym um\u00f3wieniu ich terminu w rejestracji lub za po\u015brednictwem strony internetowej oraz ich op\u0142aceniu.<\/li>\n<li>W przypadku wizyt pierwszorazowych warunkiem rezerwacji terminu jest wniesienie op\u0142aty w dniu zapisu. Brak wniesienia op\u0142aty skutkuje anulowaniem zapisu w kalendarzu danego terapeuty lub lekarza.<\/li>\n<li>Potwierdzenie wizyty jest rozumiane jako zobowi\u0105zanie do stawienia si\u0119 na niej.\u00a0Niepojawienie si\u0119 na wizycie skutkuje konieczno\u015bci\u0105 wniesienia za ni\u0105 100% op\u0142aty.<\/li>\n<li>Sp\u00f3\u017anienie si\u0119 na wizyt\u0119 b\u0119dzie skutkowa\u0142o skr\u00f3ceniem czasu jej trwania o d\u0142ugo\u015b\u0107 op\u00f3\u017anienia.<\/li>\n<li>W trakcie cyklicznych spotka\u0144 terapeutycznych, w przypadku braku mo\u017cliwo\u015bci wniesienia przez pacjenta op\u0142aty za dan\u0105 sesj\u0119, decyzj\u0119 na temat kontynuacji spotka\u0144 i terminu uiszczenia p\u0142atno\u015bci podejmuje psychoterapeuta. Je\u017celi pacjent zalega z op\u0142at\u0105 za dwie wizyty, dalsze wizyty zostaj\u0105 zawieszone do czasu uregulowania zad\u0142u\u017cenia. Sesja zdalna mo\u017ce si\u0119 odby\u0107 wy\u0142\u0105cznie wtedy, kiedy jest wcze\u015bniej op\u0142acona.<\/li>\n<li>Je\u015bli na zaplanowan\u0105 sesj\u0119 partnersk\u0105 zjawia si\u0119 tylko jeden z partner\u00f3w wizyta jest p\u0142atna tak jak by\u0142a zaplanowana jako partnerska. Terapeuta, w zale\u017cno\u015bci od ustale\u0144 przyj\u0119tych z par\u0105, mo\u017ce odm\u00f3wi\u0107 przeprowadzenia sesji bez obecno\u015bci obojga\/obu partner\u00f3w, co nie zwalnia z op\u0142aty za sesj\u0119.<\/li>\n<li>Odwo\u0142ywanie spotka\u0144 i odp\u0142atno\u015b\u0107 za nieobecno\u015bci\n<ol type=\"a\">\n<li>Zaplanowane po rozpocz\u0119ciu terapii cykliczne spotkania s\u0105 odp\u0142atne w ramach dost\u0119pno\u015bci terapeuty tak\u017ce w wypadku nieobecno\u015bci pacjenta, poza wymienionymi poni\u017cej wyj\u0105tkami.<\/li>\n<li>Jez\u0307eli wizyta nie moz\u0307e sie\u0328 odbyc\u0301, nalez\u0307y ja\u0328 odwo\u0142ac\u0301 wysy\u0142aja\u0328c SMS na numer\u00a0<span style=\"color: #009a32;\"><a style=\"color: #009a32;\" href=\"tel:+48883855295\">+48 793 533 003<\/a><\/span>\u00a0lub e-mail na adres\u00a0<span style=\"color: #009a32;\"><a style=\"color: #009a32;\" href=\"mailto:rejestracja@kontinuum.pl\">rejestracja@kontinuum.pl<\/a><\/span>. Ewentualnie moz\u0307na zmienic\u0301 wizyte\u0328 w gabinecie na wizyte\u0328 zdalna\u0328 (on-line), w tym samym dniu i o tej samej godzinie.<\/li>\n<li>Sesje, kt\u00f3re nie odbywaj\u0105 si\u0119 z powodu nieobecno\u015bci terapeuty nie wymagaj\u0105 op\u0142acenia.<\/li>\n<li>W wypadku ch\u0119ci odwo\u0142ania terminu spotkania psychoterapeutycznego lub wizyty lekarskiej informacja na ten temat musi by\u0107 przekazana rejestracji\u00a0<u>w godzinach pracy Mental Path<\/u>.<\/li>\n<li>Sesje, kt\u00f3re odbywaj\u0105 si\u0119 w poniedzia\u0142ek lub wtorek mog\u0105 by\u0107 odwo\u0142ane w poprzedzaj\u0105cy pi\u0105tek do godz. 17:00<\/li>\n<li>Odwo\u0142anie terminu sesji psychoterapeutycznej lub wizyty lekarskiej w czasie kr\u00f3tszym ni\u017c 2 dni robocze, lub niestawienie si\u0119 na spotkanie bez informacji na ten temat, wi\u0105\u017ce si\u0119 z pe\u0142n\u0105 odp\u0142atno\u015bci\u0105 za dane spotkanie, co wynika z konieczno\u015bci zarezerwowania czasu terapeuty lub lekarza.<\/li>\n<li>Odwo\u0142anie terminu sesji psychoterapeutycznej wed\u0142ug powy\u017cszych zasad jest odp\u0142atne niezale\u017cne od wydarze\u0144 losowych takich jak np. nag\u0142e zachorowanie, kwarantanna, trudno\u015bci z dojazdem czy sprawy rodzinne.<\/li>\n<li>W przypadku odwo\u0142ania sesji przez psychoterapeut\u0119 w terminie do 2 dni roboczych przed planowanym spotkaniem nie jest pobierana op\u0142ata za sesj\u0119 i w miar\u0119 mo\u017cliwo\u015bci jest proponowane spotkanie<br \/>\nw innym terminie w tym samym tygodniu lub dodatkowe spotkanie w kolejnym tygodniu.<\/li>\n<li>Pacjent wyra\u017ca zgod\u0119\u0328 na wydanie paragonu fiskalnego, faktury lub innego dokumentu ksi\u0119gowego<br \/>\nw postaci elektronicznej i przes\u0142anie go na wskazany adres mailowy.<\/li>\n<\/ol>\n<\/li>\n<\/ol>\n<ol start=\"8\">\n<li>Dokumentacja medyczna i psychoterapeutyczna jest sporz\u0105dzana wed\u0142ug obowi\u0105zuj\u0105cych zasad prawnych, przechowywana w siedzibie Centrum, poufna i chroniona przed dost\u0119pem os\u00f3b postronnych.<\/li>\n<li>Psychoterapeuci i Pacjenci Centrum b\u0119d\u0105cy w relacji psychoterapeutycznej zobowi\u0105zani s\u0105 do przestrzegania regulaminu i ustalonego kontraktu terapeutycznego. Kontrakt terapeutyczny zawierany jest bezpo\u015brednio<br \/>\nz psychoterapeut\u0105, ustnie lub pisemnie, a jego zasady mog\u0105 nieznacznie zmodyfikowa\u0107 niniejszy regulamin.<\/li>\n<li>Sesje psychoterapii, kt\u00f3re odbywaj\u0105 si\u0119 zdalnie musz\u0105 by\u0107 op\u0142acone przed terminem planowanego spotkania. Op\u0142ata przed sesj\u0105 jest warunkiem rozpocz\u0119cia danej sesji. Sesje mog\u0105 by\u0107 op\u0142acane za pomoc\u0105 szybkich p\u0142atno\u015bci PayU, do kt\u00f3rych link jest ka\u017cdorazowo przekazywany przez rejestracj\u0119 Mental Path lub z co najmniej<br \/>\n1- dniowym wyprzedzeniem przelewem bankowym, tak aby s\u0301rodki zaksie\u0328gowa\u0142y sie\u0328 na koncie Mental Path.<\/li>\n<li>Op\u0142aty za us\u0142ugi dost\u0119pne w Mental Path mog\u0105 ulega\u0107 zmianie. Pacjent\u00f3w uczestnicz\u0105cych w psychoterapii zmiana op\u0142aty za sesje terapeutyczne obejmuje po okresie minimum 6 miesi\u0119cy od daty wprowadzenia nowego cennika.<\/li>\n<li>Przerwa w terapii obejmuj\u0105ca dwie kolejne sesje, przy braku informacji na temat nieobecno\u015bci, traktowana jest jako rezygnacja z terapii i skutkuje zwolnieniem rezerwacji terminu cyklicznych spotka\u0144.<\/li>\n<li>Pacjent wyra\u017ca zgod\u0119, \u017ceby r\u00f3\u017cni specjali\u015bci udzielaj\u0105cy \u015bwiadcze\u0144 zdrowotnych w ramach wsp\u00f3\u0142pracy w Centrum terapeutycznym Mental Path mogli konsultowa\u0107 si\u0119 w sprawie pacjenta.<\/li>\n<li>Specjalista\/lekarz gwarantuje zachowanie tajemnicy zawodowej i pe\u0142nej poufnos\u0301ci danych osobowych.<\/li>\n<li>W szczeg\u00f3lnych sytuacjach, m.in. zagro\u017cenia zdrowia lub \u017cycia ludzkiego oraz innych, w kt\u00f3rych lekarz \/ psychoterapeuta jest prawnie do tego zobowi\u0105zany, dane osobowe pacjenta mog\u0105 zosta\u0107 ujawnione w\u0142a\u015bciwym organom i podmiotom na mocy przepis\u00f3w wynikaj\u0105cych z Ustawy o Ochronie Zdrowia Psychicznego, Kodeksu Karnego i innych ustaw.<\/li>\n<li>W stanach zagro\u017cenia zdrowia i \u017cycia pacjenta lub innych os\u00f3b specjali\u015bci maj\u0105 prawo zatrzyma\u0107 pacjenta w Mental Path i wezwa\u0107 s\u0142u\u017cby ratownicze, wg art. 21. Ustawy o Ochronie Zdrowia Psychicznego<br \/>\nz dnia 19.08.94 r.<\/li>\n<li>Zapisy regulaminu mog\u0105 by\u0107 raz w roku uaktualniane przez kierownictwo Centrum. Aktualny regulamin obowi\u0105zuje od daty wprowadzenia zmian oraz po podpisaniu go przez pacjenta.<\/li>\n<\/ol>\n<h2><strong>Procedura ochrony dzieci przed krzywdzeniem<\/strong><\/h2>\n<p><a href=\"https:\/\/mentalpath.pl\/kontinuum-katowice\/wp-content\/uploads\/2025\/10\/POLITYKA-ORAZ-PROCEDURY-OCHRONY-DZIECI-PRZED-KRZYWDZENIEM_tresc.pdf\" target=\"_blank\" rel=\"noopener\">POLITYKA I PROCEDURY OCHRONY DZIECI PRZED KRZYWDZENIEM<\/a><\/p>\n","protected":false},"excerpt":{"rendered":"<p>W celu wsparcia procesu terapeutycznego, stworzenia atmosfery komfortu i bezpiecze\u0144stwa oraz zapewnienia ca\u0142kowitej poufno\u015bci, stworzyli\u015bmy zasady wsp\u00f3\u0142pracy obowi\u0105zuj\u0105ce w Mental Path Group Sp. z o. o. (Mental Path). Prosimy o zapoznanie si\u0119 z nimi: Spotkania terapeutyczne oraz wizyty lekarskie odbywaj\u0105 si\u0119 wy\u0142\u0105cznie po wcze\u015bniejszym um\u00f3wieniu ich terminu w rejestracji lub za po\u015brednictwem strony internetowej oraz \u2026 <a href=\"https:\/\/mentalpath.pl\/kontinuum-katowice\/zgody-i-regulaminy\/\">Continued<\/a><\/p>\n","protected":false},"author":2,"featured_media":0,"parent":0,"menu_order":0,"comment_status":"closed","ping_status":"closed","template":"","meta":{"_acf_changed":false,"inline_featured_image":false,"footnotes":""},"class_list":["post-411","page","type-page","status-publish","hentry"],"acf":[],"_links":{"self":[{"href":"https:\/\/mentalpath.pl\/kontinuum-katowice\/wp-json\/wp\/v2\/pages\/411","targetHints":{"allow":["GET"]}}],"collection":[{"href":"https:\/\/mentalpath.pl\/kontinuum-katowice\/wp-json\/wp\/v2\/pages"}],"about":[{"href":"https:\/\/mentalpath.pl\/kontinuum-katowice\/wp-json\/wp\/v2\/types\/page"}],"author":[{"embeddable":true,"href":"https:\/\/mentalpath.pl\/kontinuum-katowice\/wp-json\/wp\/v2\/users\/2"}],"replies":[{"embeddable":true,"href":"https:\/\/mentalpath.pl\/kontinuum-katowice\/wp-json\/wp\/v2\/comments?post=411"}],"version-history":[{"count":9,"href":"https:\/\/mentalpath.pl\/kontinuum-katowice\/wp-json\/wp\/v2\/pages\/411\/revisions"}],"predecessor-version":[{"id":10038,"href":"https:\/\/mentalpath.pl\/kontinuum-katowice\/wp-json\/wp\/v2\/pages\/411\/revisions\/10038"}],"wp:attachment":[{"href":"https:\/\/mentalpath.pl\/kontinuum-katowice\/wp-json\/wp\/v2\/media?parent=411"}],"curies":[{"name":"wp","href":"https:\/\/api.w.org\/{rel}","templated":true}]}}