{"id":411,"date":"2024-07-19T18:32:06","date_gmt":"2024-07-19T18:32:06","guid":{"rendered":"http:\/\/mentalpath.pl\/centrum-synteza-krakow\/?page_id=411"},"modified":"2025-10-01T11:16:45","modified_gmt":"2025-10-01T11:16:45","slug":"zgody-i-regulaminy","status":"publish","type":"page","link":"https:\/\/mentalpath.pl\/warszawa\/zgody-i-regulaminy\/","title":{"rendered":"Zgody i regulaminy"},"content":{"rendered":"<div class=\"et_pb_module et_pb_text et_pb_text_1 et_pb_text_align_justified et_pb_bg_layout_light\">\n<div class=\"et_pb_text_inner\">\n<h2 class=\"p1\"><b>Regulamin NZOZ Mental Path<\/b><\/h2>\n<p class=\"p1\"><strong>(dotyczy pe\u0142noletnich pacjent\u00f3w plac\u00f3wki)<\/strong><\/p>\n<ol>\n<li>Sesje i konsultacje psychoterapeutyczne, psychologiczne oraz wizyty lekarskie, a tak\u017ce\u00a0<span class=\"s3\">superwizje obywaj\u0105 si\u0119 wy\u0142\u0105cznie po wcze\u015bniejszym ich um\u00f3wieniu i op\u0142aceniu.<\/span><\/li>\n<li>Wizyty cykliczne nie wymagaj\u0105 potwierdzenia przez rejestracj\u0119.<\/li>\n<li>Ka\u017cdy pacjent powinien posiada\u0107 na wizycie dokument potwierdzaj\u0105cy to\u017csamo\u015b\u0107, tak\u017ce na wizytach online.<\/li>\n<li>W przypadku wizyt pierwszorazowych warunkiem rezerwacji terminu jest wniesienie op\u0142aty w dniu zapisu. Brak wniesienia op\u0142aty skutkuje anulowaniem zapisu w kalendarzu danego terapeuty lub lekarza.<\/li>\n<li>Sp\u00f3\u017anienie si\u0119 na wizyt\u0119 b\u0119dzie skutkowa\u0142o skr\u00f3ceniem czasu jej trwania o d\u0142ugo\u015b\u0107 sp\u00f3\u017anienia.<\/li>\n<li>W trakcie cyklicznych spotka\u0144 terapeutycznych, w przypadku nie wniesienia przez pacjenta op\u0142aty za dan\u0105 sesj\u0119, decyzj\u0119 na temat mo\u017cliwo\u015bci jej odbycia i terminu uiszczenia p\u0142atno\u015bci podejmuje specjalista. Je\u017celi pacjent zalega z wi\u0119cej ni\u017c jedn\u0105 op\u0142at\u0105, dalsze wizyty zostaj\u0105 zawieszone do czasu uregulowania zad\u0142u\u017cenia.<\/li>\n<li>Je\u015bli na zaplanowan\u0105 sesj\u0119 partnersk\u0105 stawia si\u0119 tylko jeden z partner\u00f3w wizyta jest p\u0142atna tak jak by\u0142a zaplanowana jako partnerska. Terapeuta, w zale\u017cno\u015bci od ustale\u0144 przyj\u0119tych z par\u0105, mo\u017ce odm\u00f3wi\u0107 przeprowadzenia sesji bez obecno\u015bci obojga\/obu partner\u00f3w, co nie zwalnia z op\u0142aty za sesj\u0119.<\/li>\n<li>Odwo\u0142anie spotka\u0144 i odp\u0142atno\u015b\u0107 za nieobecno\u015bci\n<ol>\n<li>Zaplanowane spotkania terapeutyczne lub wizyty lekarskie mo\u017cna odwo\u0142a\u0107 bezp\u0142atnie\u00a0<strong>2 dni robocze<\/strong>\u00a0przed um\u00f3wionym terminem.<br \/>\nSesje, kt\u00f3re odbywaj\u0105 si\u0119 w poniedzia\u0142ek lub wtorek mog\u0105 by\u0107 odwo\u0142ane bezp\u0142atnie w poprzedzaj\u0105c\u0105 sobot\u0119 do godz. 13:00.<br \/>\nTerminy sesji przypadaj\u0105ce w pierwszym dniu roboczym po dniu \u015bwi\u0105tecznym mo\u017cna odwo\u0142a\u0107 bezp\u0142atnie w ostatni poprzedzaj\u0105cy je dzie\u0144 roboczy (je\u015bli dniem tym jest sobota, to do godziny 13:00, je\u015bli jest to zwyk\u0142y dzie\u0144 roboczy od poniedzia\u0142ku do pi\u0105tku, to do godziny 15:00).<\/li>\n<li>Je\u017celi wizyta nie mo\u017ce si\u0119 odby\u0107, nale\u017cy j\u0105 odwo\u0142a\u0107 wysy\u0142aj\u0105c SMS na numer\u00a0<a href=\"tel:663203603\">663\u00a0203 603<\/a>\u00a0lub e-mail na adres:\u00a0<a href=\"mailto:recepcja@mentalpath.pl\">recepcja@mentalpath.pl<\/a>. Ewentualnie mo\u017cna zmieni\u0107 wizyt\u0119 w gabinecie na wizyt\u0119 zdaln\u0105 (on-line), w tym samym dniu i o tej samej godzinie.<\/li>\n<li>Sesje, kt\u00f3re nie odbywaj\u0105 si\u0119 z powodu nieobecno\u015bci terapeuty nie wymagaj\u0105 op\u0142acenia.<\/li>\n<li>Odwo\u0142anie terminu sesji psychoterapeutycznej lub wizyty lekarskiej w czasie kr\u00f3tszym ni\u017c 2 dni robocze, lub niestawienie si\u0119 na spotkanie bez informacji na ten temat, wi\u0105\u017ce si\u0119 z pe\u0142n\u0105 odp\u0142atno\u015bci\u0105 za dane spotkanie, co wynika z konieczno\u015bci zarezerwowania czasu specjalisty.<\/li>\n<li>Wizyta odwo\u0142ana nieregulaminowo jest odp\u0142atna niezale\u017cne od wydarze\u0144 losowych takich jak np. nag\u0142e zachorowanie, kwarantanna, trudno\u015bci z dojazdem czy sprawy rodzinne.<\/li>\n<li>W przypadku odwo\u0142ania przez pacjenta 4 lub wi\u0119cej sesji terapeutycznych w ci\u0105gu 3 nast\u0119puj\u0105cych po sobie miesi\u0119cy, specjalista ma prawo do odmowy kontynuowania psychoterapii . Jest to podyktowane dba\u0142o\u015bci\u0105 o wysok\u0105 jako\u015b\u0107 i skuteczno\u015b\u0107 procesu psychoterapii.<\/li>\n<li>Przedp\u0142aty za wizyty odwo\u0142ane zgodnie z regulaminem zostan\u0105 zwr\u00f3cone przelewem lub szybk\u0105 p\u0142atno\u015bci\u0105 PayU.<\/li>\n<li><strong>Przedp\u0142aty za wizyty odwo\u0142ane nieterminowo nie zostan\u0105 zwr\u00f3cone, ze wzgl\u0119du na zarezerwowanie czasu specjalisty do dyspozycji danego pacjenta.<\/strong><\/li>\n<li>Pacjent wyra\u017ca zgod\u0119 na wydanie paragonu fiskalnego, faktury lub innego dokumentu ksi\u0119gowego w postaci elektronicznej i przes\u0142anie go na wskazany adres mailowy.<\/li>\n<\/ol>\n<\/li>\n<li>Warsztaty i zaj\u0119cia grupowe maj\u0105 swoja cen\u0119 za ilo\u015b\u0107 zaj\u0119\u0107 w miesi\u0105cu\/semestrze,\u00a0<strong>kt\u00f3ra nie jest pomniejszana w razie nieobecno\u015bci<\/strong>, co gwarantuje miejsce w grupie. P\u0142atno\u015bci za warsztaty\/zaj\u0119cia grupowe pobierane s\u0105 z g\u00f3ry za ca\u0142y miesi\u0105c.<br \/>\nW przypadku zaj\u0119\u0107 grupowych obowi\u0105zuje miesi\u0119czny okres wypowiedzenia.<\/li>\n<li>Spotkania ze specjalistami, kt\u00f3re odbywaj\u0105 si\u0119 zdalnie musz\u0105 by\u0107 op\u0142acone przed terminem planowanego spotkania. Op\u0142ata jest warunkiem rozpocz\u0119cia danej sesji. Sesje mog\u0105 by\u0107 op\u0142acane za pomoc\u0105 szybkich p\u0142atno\u015bci PayU, do kt\u00f3rych link jest ka\u017cdorazowo przekazywany przez rejestracj\u0119 plac\u00f3wki lub przelewem bankowym z co najmniej 1- dniowym wyprzedzeniem, tak aby \u015brodki zaksi\u0119gowa\u0142y si\u0119 na rachunku bankowym plac\u00f3wki przed terminem wizyty. Po op\u0142aceniu wizyty pacjent otrzymuje link do wizyty w formie wiadomo\u015bci e-mail.<\/li>\n<li>Przerwa w terapii obejmuj\u0105ca dwie kolejne sesje, przy braku informacji na temat nieobecno\u015bci, traktowana jest jako rezygnacja z terapii i skutkuje zwolnieniem rezerwacji terminu cyklicznych spotka\u0144.<\/li>\n<li>Psychoterapeuci i Pacjenci plac\u00f3wki b\u0119d\u0105cy w relacji psychoterapeutycznej zobowi\u0105zani s\u0105 do przestrzegania regulaminu i ustalonego kontraktu terapeutycznego. Kontrakt terapeutyczny zawierany jest bezpo\u015brednio z psychoterapeut\u0105, ustnie lub pisemnie, a jego zasady mog\u0105 nieznacznie zmodyfikowa\u0107 niniejszy regulamin.<\/li>\n<li>Pacjent wyra\u017ca zgod\u0119, \u017ceby r\u00f3\u017cni specjali\u015bci udzielaj\u0105cy \u015bwiadcze\u0144 zdrowotnych w ramach wsp\u00f3\u0142pracy w zespole terapeutycznym plac\u00f3wki mogli konsultowa\u0107 si\u0119 w jego sprawie.<\/li>\n<li>Dokumentacja medyczna jest sporz\u0105dzana wed\u0142ug obowi\u0105zuj\u0105cych przepis\u00f3w prawa, przechowywana w siedzibie plac\u00f3wki, poufna i chroniona przed dost\u0119pem os\u00f3b postronnych.<\/li>\n<li>Dokumentacja medyczna jest wydawana wy\u0142\u0105cznie na pisemny wniosek pacjenta lub osoby upowa\u017cnionej.<\/li>\n<li>E-dokumenty (e-recepty, e-skierowania, e-zlecenia) wystawione przez lekarza NZOZ Mental Path pacjenci mog\u0105 pobra\u0107 po zalogowaniu si\u0119 do portalu pacjenta na stronie\u00a0<a href=\"http:\/\/www.mentalpath.pl\/\" rel=\"nofollow\">www.mentalpath.pl<\/a>.<\/li>\n<li>Specjalista\/lekarz gwarantuje zachowanie tajemnicy zawodowej i pe\u0142nej poufno\u015bci danych osobowych stosownie do obowi\u0105zuj\u0105cych przepis\u00f3w prawa, w tym ustawy o zawodzie lekarza oraz ustawy o ochronie zdrowia psychicznego oraz zasad dotycz\u0105cych elektronicznego przesy\u0142ania danych do systemu medycznego (m.in. recepty, zwolnienia lekarskie, skierowania, zdarzenia medyczne).<\/li>\n<li>W szczeg\u00f3lnych sytuacjach, m.in. zagro\u017cenia zdrowia lub \u017cycia ludzkiego oraz innych, w kt\u00f3rych lekarz \/ psychoterapeuta jest prawnie do tego zobowi\u0105zany, dane osobowe pacjenta mog\u0105 zosta\u0107 ujawnione w\u0142a\u015bciwym organom i podmiotom na mocy przepis\u00f3w wynikaj\u0105cych z ustawy o ochronie zdrowia psychicznego, kodeksu karnego i innych ustaw.<\/li>\n<li>W stanach zagro\u017cenia zdrowia i \u017cycia pacjenta lub innych os\u00f3b specjali\u015bci maj\u0105 prawo zatrzyma\u0107 pacjenta w plac\u00f3wce i wezwa\u0107 s\u0142u\u017cby ratownicze, wg art. 21. ustawy o ochronie zdrowia psychicznego z dnia 19.08.94 r.<\/li>\n<li>Zapisy regulaminu mog\u0105 by\u0107 uaktualniane przez kierownictwo plac\u00f3wki. Aktualny regulamin obowi\u0105zuje od daty wprowadzenia i jest publikowany na stronie\u00a0<a href=\"http:\/\/www.mentalpath.pl\/\" rel=\"nofollow\">www.mentalpath.pl<\/a>.<\/li>\n<li>Aktualnie obowi\u0105zuj\u0105cy cennik NZOZ Mental Path publikuje na stronie:\u00a0<a href=\"http:\/\/www.mentalpath.pl\/\" rel=\"nofollow\">www.mentalpath.pl<\/a>.<\/li>\n<li>Celem zapewnienia porz\u0105dku i bezpiecze\u0144stwa w obiekcie NZOZ Mental Path, a tak\u017ce dla ochrony zdrowia Pacjent\u00f3w w plac\u00f3wce funkcjonuje monitoring wideo. Monitoring nie funkcjonuje w pomieszczeniach, w kt\u00f3rych udzielane s\u0105 \u015bwiadczenia zdrowotne, w trakcie udzielania pacjentom tych \u015bwiadcze\u0144.<\/li>\n<li>Skargi oraz reklamacje mo\u017cna sk\u0142ada\u0107 pisemnie w siedzibie NZOZ Mental Path, wysy\u0142a\u0107 listownie na adres ul. Pu\u0142awska 12\/10, 02-566 Warszawa oraz mailowo na adres:\u00a0<a href=\"mailto:recepcja@mentalpath.pl\">recepcja@mentalpath.pl<\/a>.<\/li>\n<\/ol>\n<\/div>\n<\/div>\n<div class=\"et_pb_module et_pb_text et_pb_text_2 et_pb_text_align_justified et_pb_bg_layout_light\">\n<div class=\"et_pb_text_inner\">\n<h2><\/h2>\n<h2 class=\"p1\"><b>Regulamin NZOZ Mental Path<\/b><\/h2>\n<p class=\"p1\"><strong>(dotyczy\u00a0niepe\u0142noletnich pacjent\u00f3w\u00a0plac\u00f3wki)<\/strong><\/p>\n<ol>\n<li>Sesje i konsultacje psychoterapeutyczne, psychologiczne oraz wizyty lekarskie, a tak\u017ce superwizje obywaj\u0105 si\u0119 wy\u0142\u0105cznie po wcze\u015bniejszym ich um\u00f3wieniu i op\u0142aceniu.<\/li>\n<li>Ka\u017cdy rodzic pacjenta\/pacjent powinien posiada\u0107 na wizycie dokument potwierdzaj\u0105cy to\u017csamo\u015b\u0107.<\/li>\n<li>Opiekun prawny umawiaj\u0105cy wizyt\u0119 pacjent\u00f3w niepe\u0142noletnich jest zobowi\u0105zany powiadomi\u0107 drugiego rodzica\/opiekuna prawnego o rozpocz\u0119ciu leczenia dziecka w NZOZ Mental Path.<\/li>\n<li>W przypadku wizyt pierwszorazowych warunkiem rezerwacji terminu jest wniesienie op\u0142aty w dniu zapisu. Brak wniesienia op\u0142aty skutkuje anulowaniem zapisu w kalendarzu danego terapeuty lub lekarza.<\/li>\n<li>Sp\u00f3\u017anienie si\u0119 na wizyt\u0119 b\u0119dzie skutkowa\u0142o skr\u00f3ceniem czasu jej trwania o d\u0142ugo\u015b\u0107 sp\u00f3\u017anienia.<\/li>\n<li>W trakcie cyklicznych spotka\u0144 terapeutycznych, w przypadku nie wniesienia przez pacjenta op\u0142aty za dan\u0105 sesj\u0119, decyzj\u0119 na temat mo\u017cliwo\u015bci jej odbycia i terminu uiszczenia p\u0142atno\u015bci podejmuje specjalista. Je\u017celi pacjent zalega z wi\u0119cej ni\u017c jedn\u0105 op\u0142at\u0105, dalsze wizyty zostaj\u0105 zawieszone do czasu uregulowania zad\u0142u\u017cenia.<\/li>\n<li>Odwo\u0142anie spotka\u0144 i odp\u0142atno\u015b\u0107 za nieobecno\u015bci\n<ol>\n<li>Zaplanowane spotkania terapeutyczne lub wizyty lekarskie mo\u017cna odwo\u0142a\u0107 bezp\u0142atnie\u00a0<strong>2 dni robocze<\/strong>\u00a0przed um\u00f3wionym terminem.<br \/>\nSesje, kt\u00f3re odbywaj\u0105 si\u0119 w poniedzia\u0142ek lub wtorek mog\u0105 by\u0107 odwo\u0142ane bezp\u0142atnie w poprzedzaj\u0105c\u0105 sobot\u0119 do godz. 13:00.<br \/>\nTerminy sesji przypadaj\u0105ce w pierwszym dniu roboczym po dniu \u015bwi\u0105tecznym mo\u017cna odwo\u0142a\u0107 bezp\u0142atnie w ostatni poprzedzaj\u0105cy je dzie\u0144 roboczy (je\u015bli dniem tym jest sobota, to do godziny 13:00, je\u015bli jest to zwyk\u0142y dzie\u0144 roboczy od poniedzia\u0142ku do pi\u0105tku, to do godziny 15:00).<\/li>\n<li>Je\u017celi wizyta nie mo\u017ce si\u0119 odby\u0107, nale\u017cy j\u0105 odwo\u0142a\u0107 wysy\u0142aj\u0105c SMS na numer\u00a0<a href=\"tel:663203603\">663\u00a0203 603<\/a>\u00a0lub e-mail na adres:\u00a0<a href=\"mailto:recepcja@mentalpath.pl\">recepcja@mentalpath.pl<\/a>. Ewentualnie mo\u017cna zmieni\u0107 wizyt\u0119 w gabinecie na wizyt\u0119 zdaln\u0105 (on-line), w tym samym dniu i o tej samej godzinie.<\/li>\n<li>Sesje, kt\u00f3re nie odbywaj\u0105 si\u0119 z powodu nieobecno\u015bci terapeuty nie wymagaj\u0105 op\u0142acenia.<\/li>\n<li>Odwo\u0142anie terminu sesji psychoterapeutycznej lub wizyty lekarskiej w czasie kr\u00f3tszym ni\u017c 2 dni robocze, lub niestawienie si\u0119 na spotkanie bez informacji na ten temat, wi\u0105\u017ce si\u0119 z pe\u0142n\u0105 odp\u0142atno\u015bci\u0105 za dane spotkanie, co wynika z konieczno\u015bci zarezerwowania czasu specjalisty.<\/li>\n<li>Wizyta odwo\u0142ana nieregulaminowo jest odp\u0142atna niezale\u017cne od wydarze\u0144 losowych takich jak np. nag\u0142e zachorowanie, kwarantanna, trudno\u015bci z dojazdem czy sprawy rodzinne.<\/li>\n<li>Przedp\u0142aty za wizyty odwo\u0142ane zgodnie z regulaminem zostan\u0105 zwr\u00f3cone przelewem lub szybk\u0105 p\u0142atno\u015bci\u0105 PayU.<\/li>\n<li><strong>Przedp\u0142aty za wizyty odwo\u0142ane nieterminowo nie zostan\u0105 zwr\u00f3cone, ze wzgl\u0119du na zarezerwowanie czasu specjalisty do dyspozycji danego pacjenta.<\/strong><\/li>\n<li>Pacjent wyra\u017ca zgod\u0119 na wydanie paragonu fiskalnego, faktury lub innego dokumentu ksi\u0119gowego w postaci elektronicznej i przes\u0142anie go na wskazany adres mailowy.<\/li>\n<\/ol>\n<\/li>\n<li>Warsztaty i zaj\u0119cia grupowe maj\u0105 swoja cen\u0119 za ilo\u015b\u0107 zaj\u0119\u0107 w miesi\u0105cu\/semestrze,\u00a0<strong>kt\u00f3ra nie jest pomniejszana w razie nieobecno\u015bci<\/strong>, co gwarantuje miejsce w grupie. P\u0142atno\u015bci za warsztaty\/zaj\u0119cia grupowe pobierane s\u0105 z g\u00f3ry za ca\u0142y miesi\u0105c.<br \/>\nW przypadku zaj\u0119\u0107 grupowych obowi\u0105zuje miesi\u0119czny okres wypowiedzenia.<\/li>\n<li>Spotkania ze specjalistami, kt\u00f3re odbywaj\u0105 si\u0119 zdalnie musz\u0105 by\u0107 op\u0142acone przed terminem planowanego spotkania. Op\u0142ata jest warunkiem rozpocz\u0119cia danej sesji. Sesje mog\u0105 by\u0107 op\u0142acane za pomoc\u0105 szybkich p\u0142atno\u015bci PayU, do kt\u00f3rych link jest ka\u017cdorazowo przekazywany przez rejestracj\u0119 plac\u00f3wki lub przelewem bankowym z co najmniej 1- dniowym wyprzedzeniem, tak aby \u015brodki zaksi\u0119gowa\u0142y si\u0119 na rachunku bankowym plac\u00f3wki przed terminem wizyty.<\/li>\n<li><strong>Pacjent z rezerwacj\u0105 sta\u0142ego terminu\/wizyty cykliczne.<\/strong>\n<ol>\n<li>Wizyty cykliczne nie s\u0105 potwierdzane telefonicznie przez rejestracj\u0119.<\/li>\n<li><strong>Wszystkich ma\u0142oletnich pacjent\u00f3w um\u00f3wionych\u00a0 na zaj\u0119cia cykliczne obowi\u0105zuje limit bezp\u0142atnych odwo\u0142a\u0144 w wymiarze jednej sesji na kwarta\u0142 kalendarzowy<\/strong>\u00a0ze wzgl\u0119du na gwarancj\u0119 terminu terapeuty tj. 4 spotkania rocznie przy cz\u0119stotliwo\u015bci ucz\u0119szczania raz w tygodniu, 8 spotka\u0144 przy cz\u0119stotliwo\u015bci ucz\u0119szczania 2 razy w tygodniu, 2 spotkania przy cz\u0119stotliwo\u015bci ucz\u0119szczania raz na dwa tygodnie, itp.<\/li>\n<li>Przerwy w terapii wynikaj\u0105ce z urlop\u00f3w\/wakacji\/ferii pacjenta\/\u00f3w lub terapeuty s\u0105 nieodp\u0142atne niezale\u017cnie od opisanego powy\u017cej limitu, w wypadku zg\u0142oszenia w terminie do 1 miesi\u0105ca przed planowan\u0105 przerw\u0105.<\/li>\n<\/ol>\n<\/li>\n<li>Przerwa w terapii obejmuj\u0105ca dwie kolejne sesje, przy braku informacji na temat nieobecno\u015bci, traktowana jest jako rezygnacja z terapii i skutkuje zwolnieniem rezerwacji terminu cyklicznych spotka\u0144.<\/li>\n<li>Psychoterapeuci i Pacjenci plac\u00f3wki b\u0119d\u0105cy w relacji psychoterapeutycznej zobowi\u0105zani s\u0105 do przestrzegania regulaminu i ustalonego kontraktu terapeutycznego. Kontrakt terapeutyczny zawierany jest bezpo\u015brednio z psychoterapeut\u0105, ustnie lub pisemnie.<\/li>\n<li>Opiekunowie prawni wyra\u017caj\u0105 zgod\u0119, \u017ceby r\u00f3\u017cni specjali\u015bci udzielaj\u0105cy \u015bwiadcze\u0144 zdrowotnych w ramach wsp\u00f3\u0142pracy w zespole terapeutycznym plac\u00f3wki mogli konsultowa\u0107 si\u0119 w sprawie ma\u0142oletniego pacjenta.<\/li>\n<li>Dokumentacja medyczna jest sporz\u0105dzana wed\u0142ug obowi\u0105zuj\u0105cych przepis\u00f3w prawa, przechowywana w siedzibie plac\u00f3wki, poufna i chroniona przed dost\u0119pem os\u00f3b postronnych.<\/li>\n<li>Dokumentacja medyczna jest wydawana wy\u0142\u0105cznie na pisemny wniosek opiekuna prawnego lub osoby upowa\u017cnionej.<\/li>\n<li>E-dokumenty (e-recepta, e-skierowania, e-zlecenia) wystawione przez lekarza NZOZ Mental Path pacjenci mog\u0105 pobra\u0107 po zalogowaniu si\u0119 do Portalu Pacjenta na stronie\u00a0<a href=\"http:\/\/www.mentalpath.pl\/\" rel=\"nofollow\">www.mentalpath.pl<\/a><\/li>\n<li>Specjalista\/lekarz gwarantuje zachowanie tajemnicy zawodowej i pe\u0142nej poufno\u015bci danych osobowych stosownie do obowi\u0105zuj\u0105cych przepis\u00f3w prawa, w tym ustawy o zawodzie lekarza oraz ustawy o ochronie zdrowia psychicznego oraz zasad dotycz\u0105cych elektronicznego przesy\u0142ania danych do systemu medycznego (m.in. recepty, zwolnienia lekarskie, skierowania, zdarzenia medyczne).<\/li>\n<li>W szczeg\u00f3lnych sytuacjach, m.in. zagro\u017cenia zdrowia lub \u017cycia ludzkiego oraz innych, w kt\u00f3rych lekarz \/ psychoterapeuta jest prawnie do tego zobowi\u0105zany, dane osobowe pacjenta mog\u0105 zosta\u0107 ujawnione w\u0142a\u015bciwym organom i podmiotom na mocy przepis\u00f3w wynikaj\u0105cych z ustawy o ochronie zdrowia psychicznego, kodeksu karnego i innych ustaw.<\/li>\n<li>W stanach zagro\u017cenia zdrowia i \u017cycia pacjenta lub innych os\u00f3b specjali\u015bci maj\u0105 prawo zatrzyma\u0107 pacjenta w plac\u00f3wce i wezwa\u0107 s\u0142u\u017cby ratownicze, wg art. 21. ustawy o ochronie zdrowia psychicznego z dnia 19.08.94 r.<\/li>\n<li>Zapisy regulaminu mog\u0105 by\u0107 uaktualniane przez kierownictwo plac\u00f3wki. Aktualny regulamin obowi\u0105zuje od daty wprowadzenia i jest publikowany na stronie\u00a0<a href=\"http:\/\/www.mentalpath.pl\/\" rel=\"nofollow\">www.mentalpath.pl<\/a>.<\/li>\n<li>Aktualnie obowi\u0105zuj\u0105cy cennik podmiot NZOZ Mental Path publikuje na stronie:\u00a0<a href=\"http:\/\/www.mentalpath.pl\/\" rel=\"nofollow\">www.mentalpath.pl<\/a>.<\/li>\n<li>Celem zapewnienia porz\u0105dku i bezpiecze\u0144stwa w obiekcie NZOZ Mental Path, a tak\u017ce dla ochrony zdrowia Pacjent\u00f3w w plac\u00f3wce\u00a0<span class=\"s2\">funkcjonuje monitoring wideo. Monitoring nie funkcjonuje w pomieszczeniach, w kt\u00f3rych udzielane s\u0105 \u015bwiadczenia zdrowotne, w trakcie udzielania pacjentom tych \u015bwiadcze\u0144.<\/span><\/li>\n<li>Skargi oraz reklamacje mo\u017cna sk\u0142ada\u0107 pisemnie w siedzibie NZOZ Mental Path, wysy\u0142a\u0107 listownie na adres ul. Pu\u0142awska 12\/10, 02-566 Warszawa oraz mailowo na adres:\u00a0<a href=\"mailto:recepcja@mentalpath.pl\"><span class=\"s2\">recepcja@mentalpath.pl<\/span><\/a>.<\/li>\n<\/ol>\n<\/div>\n<h2 class=\"p1\"><b>Regulamin porz\u0105dkowy NZOZ Mental Path<\/b><\/h2>\n<p><a href=\"https:\/\/mentalpath.pl\/warszawa\/\/wp-content\/uploads\/2025\/03\/AKTUALNY-REGULAMIN-PORZADKOWY-MENTAL-PATH.docx.pdf\">REGULAMIN PORZ\u0104DKOWY 2025<\/a>.<\/p>\n<\/div>\n<h2><strong>Procedura ochrony dzieci przed krzywdzeniem<\/strong><\/h2>\n<p><a href=\"https:\/\/mentalpath.pl\/warszawa\/wp-content\/uploads\/2025\/10\/procedura-ochrony-dzieci-przed-krzywdzeniem.pdf\" target=\"_blank\" rel=\"noopener\">POLITYKA I PROCEDURY OCHRONY DZIECI PRZED KRZYWDZENIEM<\/a><\/p>\n","protected":false},"excerpt":{"rendered":"<p>Regulamin NZOZ Mental Path (dotyczy pe\u0142noletnich pacjent\u00f3w plac\u00f3wki) Sesje i konsultacje psychoterapeutyczne, psychologiczne oraz wizyty lekarskie, a tak\u017ce\u00a0superwizje obywaj\u0105 si\u0119 wy\u0142\u0105cznie po wcze\u015bniejszym ich um\u00f3wieniu i op\u0142aceniu. Wizyty cykliczne nie wymagaj\u0105 potwierdzenia przez rejestracj\u0119. Ka\u017cdy pacjent powinien posiada\u0107 na wizycie dokument potwierdzaj\u0105cy to\u017csamo\u015b\u0107, tak\u017ce na wizytach online. W przypadku wizyt pierwszorazowych warunkiem rezerwacji terminu jest \u2026 <a href=\"https:\/\/mentalpath.pl\/warszawa\/zgody-i-regulaminy\/\">Continued<\/a><\/p>\n","protected":false},"author":2,"featured_media":0,"parent":0,"menu_order":0,"comment_status":"closed","ping_status":"closed","template":"","meta":{"_acf_changed":false,"inline_featured_image":false,"footnotes":""},"class_list":["post-411","page","type-page","status-publish","hentry"],"acf":[],"_links":{"self":[{"href":"https:\/\/mentalpath.pl\/warszawa\/wp-json\/wp\/v2\/pages\/411","targetHints":{"allow":["GET"]}}],"collection":[{"href":"https:\/\/mentalpath.pl\/warszawa\/wp-json\/wp\/v2\/pages"}],"about":[{"href":"https:\/\/mentalpath.pl\/warszawa\/wp-json\/wp\/v2\/types\/page"}],"author":[{"embeddable":true,"href":"https:\/\/mentalpath.pl\/warszawa\/wp-json\/wp\/v2\/users\/2"}],"replies":[{"embeddable":true,"href":"https:\/\/mentalpath.pl\/warszawa\/wp-json\/wp\/v2\/comments?post=411"}],"version-history":[{"count":19,"href":"https:\/\/mentalpath.pl\/warszawa\/wp-json\/wp\/v2\/pages\/411\/revisions"}],"predecessor-version":[{"id":4000,"href":"https:\/\/mentalpath.pl\/warszawa\/wp-json\/wp\/v2\/pages\/411\/revisions\/4000"}],"wp:attachment":[{"href":"https:\/\/mentalpath.pl\/warszawa\/wp-json\/wp\/v2\/media?parent=411"}],"curies":[{"name":"wp","href":"https:\/\/api.w.org\/{rel}","templated":true}]}}